{"id":19,"date":"2015-01-16T12:10:29","date_gmt":"2015-01-16T12:10:29","guid":{"rendered":"http:\/\/www.janakkalanvenekerho.net\/?page_id=19"},"modified":"2026-03-18T21:13:26","modified_gmt":"2026-03-18T19:13:26","slug":"jaseneksi","status":"publish","type":"page","link":"http:\/\/www.janakkalanvenekerho.net\/?page_id=19","title":{"rendered":"J\u00e4seneksi"},"content":{"rendered":"<p>Haluaisitko liitty\u00e4 Janakkalan venekerho j\u00e4seneksi? Laita vapaamuotoinen hakemus j\u00e4sensihteerille (<a href=\"mailto:helena.hollming@janakkalanvenekerho.net\" target=\"_blank\" rel=\"noopener\">helena.hollming@janakkalanvenekerho.net<\/a>) jossa on kaikki yhteystietosi ja veneest\u00e4si kaikki tiedot. My\u00f6s tiedot veneily kokemuksistasi. J\u00e4sensihteeri laittaa hakemuksen hallituksen j\u00e4senten hyv\u00e4ksytt\u00e4v\u00e4ksi.<\/p>\n<p><strong>Hinnasto j\u00e4senille 2026<\/strong><\/p>\n<p>Liittymismaksu 85,00 \u20ac<\/p>\n<p>J\u00e4senmaksu 30,00 \u20ac<\/p>\n<p>Avainpantti 50,00 \u20ac (pantin saa takaisin, kun palauttaa avaimen)<\/p>\n<p>Laituripaikka Ahilammilla 150,00 \u20ac<\/p>\n<p>Laituripaikka M\u00e4ntyniemess\u00e4 150,00 \u20ac<\/p>\n<p>Talvis\u00e4ilytys 50,00 \u20ac<\/p>\n<p>Katsastus 20,00 \u20ac<\/p>\n<p>Soutuveneen tolppapaikka 55,00 \u20ac<\/p>\n<p>Saunamaksu 1\u20ac\/henkil\u00f6<\/p>\n<p>Paperilasku 5\u20ac<\/p>\n<p><strong>Ahilammin laituripaikan varanneilla vahtivuoro velvoite.<\/strong><br \/>\nTaukotupaan (=Vartiom\u00f6kki) p\u00e4\u00e4sy kuitatulla Ahilammin portin avaimella.<\/p>\n<p><strong>Hinnasto ei j\u00e4senille 2026<\/strong><\/p>\n<p>Avainpantti 50,00 \u20ac (pantin saa takaisin, kun palauttaa avaimen)<\/p>\n<p>Laituripaikka Ahilammilla 250,00 \u20ac<\/p>\n<p>Laituripaikka M\u00e4ntyniemess\u00e4 250,00 \u20ac<\/p>\n<p>Talvis\u00e4ilytys 100,00 \u20ac<\/p>\n<p>Ei katsastusta, jos ei ole j\u00e4sen.<\/p>\n<p>Soutuveneen tolppapaikka 45,00 \u20ac<br \/>\n1.3.2026 alkaen 55,00\u20ac<\/p>\n<p>Paperilasku 5\u20ac<\/p>\n","protected":false},"excerpt":{"rendered":"<p>Haluaisitko liitty\u00e4 Janakkalan venekerho j\u00e4seneksi? Laita vapaamuotoinen hakemus j\u00e4sensihteerille (helena.hollming@janakkalanvenekerho.net) jossa on kaikki yhteystietosi ja veneest\u00e4si kaikki tiedot. My\u00f6s tiedot veneily kokemuksistasi. J\u00e4sensihteeri laittaa hakemuksen hallituksen j\u00e4senten hyv\u00e4ksytt\u00e4v\u00e4ksi. Hinnasto j\u00e4senille 2026 Liittymismaksu 85,00 \u20ac J\u00e4senmaksu 30,00 \u20ac Avainpantti 50,00 \u20ac (pantin saa takaisin, kun palauttaa avaimen) Laituripaikka Ahilammilla 150,00 \u20ac Laituripaikka M\u00e4ntyniemess\u00e4 150,00 \u20ac Talvis\u00e4ilytys &hellip; <a href=\"http:\/\/www.janakkalanvenekerho.net\/?page_id=19\" class=\"more-link\">Jatka lukemista <span class=\"screen-reader-text\">J\u00e4seneksi<\/span> <span class=\"meta-nav\">&rarr;<\/span><\/a><\/p>\n","protected":false},"author":1,"featured_media":0,"parent":2,"menu_order":0,"comment_status":"closed","ping_status":"closed","template":"","meta":{"footnotes":""},"class_list":["post-19","page","type-page","status-publish","hentry"],"_links":{"self":[{"href":"http:\/\/www.janakkalanvenekerho.net\/index.php?rest_route=\/wp\/v2\/pages\/19","targetHints":{"allow":["GET"]}}],"collection":[{"href":"http:\/\/www.janakkalanvenekerho.net\/index.php?rest_route=\/wp\/v2\/pages"}],"about":[{"href":"http:\/\/www.janakkalanvenekerho.net\/index.php?rest_route=\/wp\/v2\/types\/page"}],"author":[{"embeddable":true,"href":"http:\/\/www.janakkalanvenekerho.net\/index.php?rest_route=\/wp\/v2\/users\/1"}],"replies":[{"embeddable":true,"href":"http:\/\/www.janakkalanvenekerho.net\/index.php?rest_route=%2Fwp%2Fv2%2Fcomments&post=19"}],"version-history":[{"count":48,"href":"http:\/\/www.janakkalanvenekerho.net\/index.php?rest_route=\/wp\/v2\/pages\/19\/revisions"}],"predecessor-version":[{"id":812,"href":"http:\/\/www.janakkalanvenekerho.net\/index.php?rest_route=\/wp\/v2\/pages\/19\/revisions\/812"}],"up":[{"embeddable":true,"href":"http:\/\/www.janakkalanvenekerho.net\/index.php?rest_route=\/wp\/v2\/pages\/2"}],"wp:attachment":[{"href":"http:\/\/www.janakkalanvenekerho.net\/index.php?rest_route=%2Fwp%2Fv2%2Fmedia&parent=19"}],"curies":[{"name":"wp","href":"https:\/\/api.w.org\/{rel}","templated":true}]}}